t is the hundreds digit of 76762?
7
What is the hundreds digit of 1812?
8
What is the tens digit of 2635?
3
What is the ten thousands digit of 42853?
4
What is the thousands digit of 7097?
7
What is the tens digit of 55786?
8
What is the units digit of 25890?
0
What is the thousands digit of 1895?
1
What is the ten thousands digit of 44795?
4
What is the units digit of 554?
4
What is the thousands digit of 1473?
1
What is the tens digit of 57351?
5
What is the tens digit of 2159?
5
What is the thousands digit of 7568?
7
What is the tens digit of 1421?
2
What is the tens digit of 6908?
0
What is the hundreds digit of 620?
6
What is the units digit of 109431?
1
What is the units digit of 549?
9
What is the hundreds digit of 2117?
1
What is the units digit of 5744?
4
What is the thousands digit of 1227?
1
What is the tens digit of 11472?
7
What is the tens digit of 812?
1
What is the thousands digit of 1045?
1
What is the units digit of 1033?
3
What is the thousands digit of 6601?
6
What is the tens digit of 793?
9
What is the ten thousands digit of 28508?
2
What is the tens digit of 814?
1
What is the units digit of 9840?
0
What is the tens digit of 1681?
8
What is the hundreds digit of 1385?
3
What is the tens digit of 878?
7
What is the ten thousands digit of 67492?
6
What is the units digit of 1449?
9
What is the hundreds digit of 58509?
5
What is the thousands digit of 2491?
2
What is the thousands digit of 31716?
1
What is the hundreds digit of 1156?
1
What is the tens digit of 27792?
9
What is the tens digit of 1269?
6
What is the thousands digit of 1338?
1
What is the hundreds digit of 4203?
2
What is the units digit of 56174?
4
What is the thousands digit of 27600?
7
What is the hundreds digit of 3593?
5
What is the units digit of 600?
0
What is the hundreds digit of 1887?
8
What is the hundreds digit of 38679?
6
What is the hundreds digit of 1373?
3
What is the tens digit of 134?
3
What is the units digit of 705?
5
What is the tens digit of 2841?
4
What is the thousands digit of 4048?
4
What is the units digit of 2486?
6
What is the tens digit of 2659?
5
What is the units digit of 864?
4
What is the tens digit of 1370?
7
What is the hundred thousands digit of 126583?
1
What is the hundreds digit of 24685?
6
What is the units digit of 7453?
3
What is the tens digit of 376?
7
What is the thousands digit of 2599?
2
What is the thousands digit of 1643?
1
What is the hundreds digit of 704?
7
What is the hundreds digit of 17260?
2
What is the tens digit of 4271?
7
What is the tens digit of 9456?
5
What is the hundreds digit of 990?
9
What is the thousands digit of 8428?
8
What is the tens digit of 758?
5
What is the tens digit of 865?
6
What is the ten thousands digit of 157067?
5
What is the thousands digit of 5099?
5
What is the units digit of 2237?
7
What is the units digit of 2222?
2
What is the hundreds digit of 5987?
9
What is the hundreds digit of 6359?
3
What is the units digit of 9225?
5
What is the hundreds digit of 28984?
9
What is the tens digit of 2516?
1
What is the tens digit of 24152?
5
What is the thousands digit of 3609?
3
What is the hundreds digit of 169445?
4
What is the tens digit of 4728?
2
What is the thousands digit of 3218?
3
What is the units digit of 355?
5
What is the thousands digit of 11411?
1
What is the thousands digit of 14237?
4
What is the hundreds digit of 56013?
0
What is the units digit of 8809?
9
What is the thousands digit of 5115?
5
What is the tens digit of 1753?
5
What is the ten thousands digit of 24376?
2
What is the hundreds digit of 26001?
0
What is the units digit of 30244?
4
What is the hundreds digit of 6631?
6
What is the hundreds digit of 626?
6
What is the hundreds digit of 90231?
2
What is the ten thousands digit of 34550?
3
What is the units digit of 596?
6
What is the thousands digit of 7267?
7
What is the tens digit of 3682?
8
What is the tens digit of 14184?
8
What is the tens digit of 194?
9
What is the hundreds digit of 1591?
5
What is the thousands digit of 4082?
4
What is the tens digit of 11194?
9
What is the units digit of 2120?
0
What is the units digit of 5856?
6
What is the thousands digit of 12424?
2
What is the units digit of 2493?
3
What is the hundreds digit of 720?
7
What is the hundreds digit of 171?
1
What is the hundreds digit of 6624?
6
What is the tens digit of 14152?
5
What is the units digit of 1140?
0
What is the units digit of 11549?
9
What is the units digit of 759?
9
What is the tens digit of 101877?
7
What is the thousands digit of 51015?
1
What is the units digit of 699?
9
What is the hundreds digit of 25130?
1
What is the tens digit of 7495?
9
What is the tens digit of 49513?
1
What is the tens digit of 2461?
6
What is the thousands digit of 1319?
1
What is the hundreds digit of 29249?
2
What is the hundreds digit of 39264?
2
What is the units digit of 14061?
1
What is the units digit of 101?
1
What is the hundreds digit of 38211?
2
What is the tens digit of 771?
7
What is the hundreds digit of 56422?
4
What is the tens digit of 3272?
7
What is the thousands digit of 50917?
0
What is the hundreds digit of 958?
9
What is the hundreds digit of 31227?
2
What is the tens digit of 19220?
2
What is the thousands digit of 11423?
1
What is the units digit of 15872?
2
What is the tens digit of 3595?
9
What is the tens digit of 1579?
7
What is the ten thousands digit of 26213?
2
What is the tens digit of 150?
5
What is the tens digit of 1007?
0
What is the tens digit of 3685?
8
What is the hundreds digit of 4192?
1
What is the tens digit of 1087?
8
What is the hundreds digit of 6466?
4
What is the hundreds digit of 2385?
3
What is the hundreds digit of 7541?
5
What is the thousands digit of 2877?
2
What is the units digit of 791?
1
What is the hundreds digit of 120185?
1
What is the tens digit of 2381?
8
What is the ten thousands digit of 59012?
5
What is the tens digit of 1498?
9
What is the thousands digit of 2739?
2
What is the hundreds digit of 1746?
7
What is the thousands digit of 29194?
9
What is the units digit of 29414?
4
What is the units digit of 106031?
1
What is the hundreds digit of 15257?
2
What is the thousands digit of 4422?
4
What is the tens digit of 23?
2
What is the thousands digit of 4559?
4
What is the ten thousands digit of 31217?
3
What is the hundreds digit of 206?
2
What is the hundreds digit of 3880?
8
What is the hundreds digit of 1525?
5
What is the units digit of 360?
0
What is the hundreds digit of 833?
8
What is the hundreds digit of 635?
6
What is the tens digit of 815?
1
What is the hundreds digit of 10704?
7
What is the hundreds digit of 3510?
5
What is the ten thousands digit of 10075?
1
What is the units digit of 4864?
4
What is the hundreds digit of 3320?
3
What is the units digit of 4168?
8
What is the hundreds digit of 17734?
7
What is the units digit of 731?
1
What is the thousands digit of 1685?
1
What is the tens digit of 7760?
6
What is the tens digit of 85993?
9
What is the hundreds digit of 68455?
4
What is the hundreds digit of 1145?
1
What is the units digit of 1252?
2
What is the tens digit of 8983?
8
What is the units digit of 26761?
1
What is the ten thousands digit of 21525?
2
What is the units digit of 20?
0
What is the units digit of 17999?
9
What is the units digit of 2689?
9
What is the ten thousands digit of 94360?
9
What is the thousands digit of 1366?
1
What is the ten thousands digit of 10820?
1
What is the thousands digit of 77549?
7
What is the hundreds digit of 6963?
9
What is the units digit of 3405?
5
What is the tens digit of 4795?
9
What is the units digit of 6195?
5
What is the units digit of 6014?
4
What is the units digit of 1096?
6
What is the units digit of 1303?
3
What is the units digit of 798?
8
What is the tens digit of 145?
4
What is the units digit of 3594?
4
What is the tens digit of 1702?
0
What is the ten thousands digit of 27158?
2
What is the tens digit of 818?
1
What is the hundreds digit of 9627?
6
What is the tens digit of 7040?
4
What is the ten thousands digit of 35991?
3
What is the units digit of 535?
5
What is the tens digit of 352?
5
What is the hundreds digit of 1824?
8
What is the units digit of 1360?
0
What is the hundreds digit of 918?
9
What is the hundreds digit of